 and c?
5
Let g = 68 - -247. Suppose 2*z + g = 7*z - 3*b, 0 = -5*z + 4*b + 320. What is the highest common divisor of z and 12?
12
Let o(j) = 447*j - 16. Let k be o(7). Let q = k - 1867. Let z be (3 - -1) + q/14. What is the highest common divisor of 62 and z?
31
Let x(g) = -g**2 + 11*g - 2. Let f be x(8). Let c(k) = -29*k + 9. Let u be c(-5). What is the highest common divisor of f and u?
22
Let k = 2 + -7. Let l(g) = -g - 3. Let t be l(k). Let n be 1*t - 138/(-3). Calculate the greatest common divisor of 12 and n.
12
Suppose -3*j + 0*j + 42 = -3*c, 0 = -j + 5*c + 6. Let n = 55 - j. What is the greatest common factor of 26 and n?
13
Suppose 104 + 8 = 8*l. Suppose -l*p + 22 = -3*p. What is the highest common factor of 22 and p?
2
Let m be (5/(-2) - 1)*(-20)/7. Suppose -2*u + 104 = -m. Let a(z) = -20*z - 1. Let q be a(-1). What is the greatest common divisor of q and u?
19
Suppose 0 = a + 2*z - 291, -6*a + 3*a - 4*z = -871. What is the greatest common factor of 68 and a?
17
Suppose -3*i - 31 = 59. Let x = i + 36. What is the greatest common factor of x and 12?
6
Let l be (14 + 870)*(-1)/(-2). Calculate the highest common divisor of l and 17.
17
Suppose -25*c = -22*c - 360. Let i = 129 - c. Calculate the highest common divisor of 36 and i.
9
Let u(g) = g**2 - 7*g - 16. Let o be u(-2). Suppose -104 = 3*h - 7*h. What is the greatest common divisor of h and o?
2
Let o(q) = -17*q + 7. Let t be o(6). Let a = -29 - t. Calculate the highest common factor of 6 and a.
6
Let b be (525/7)/((-14)/(-14)). What is the greatest common divisor of b and 75?
75
Suppose 30 = 5*n - 10. What is the greatest common factor of n and 38?
2
Let u be 105 - (-1 + -2)*1. Let b = 198 - u. Let r(j) = -j + 8. Let f be r(-10). Calculate the highest common factor of f and b.
18
Let v(d) = 2*d - 14. Suppose 2*b - 44 = -5*t - b, -3*b = 6. Let i be v(t). Suppose -i + 66 = 4*j. What is the highest common factor of j and 15?
15
Let y be (-17459)/(-51) + 2/3. Calculate the greatest common factor of y and 7.
7
Suppose 0 = -4*h + h + 171. Suppose -12*d = -9*d + 114. Let f = d + h. What is the greatest common factor of 209 and f?
19
Suppose -5*d - 6 = -3*f - 3*d, 2*f = 3*d + 9. Suppose 0 = -4*l + 2*l. Suppose l = i - f*i - 7. Calculate the greatest common divisor of 42 and i.
7
Suppose -20 = -7*a - 6. What is the highest common divisor of a and 92?
2
Let c = -131 + 133. Let l = 46 - c. What is the greatest common factor of l and 66?
22
Let z be (-7)/(7/12)*-24. Calculate the highest common divisor of 32 and z.
32
Suppose -37*g = -36629 + 5253. What is the highest common divisor of 32 and g?
16
Let i(l) = l**3 - 10*l**2 + 7*l + 21. Let q be i(9). Suppose -s - a + 4 = 0, q*s - 3*a - 2 = -s. Calculate the highest common factor of s and 4.
2
Suppose 5*g - 3*u = 8, 3*g + 2*g = -4*u + 36. Calculate the greatest common divisor of g and 44.
4
Let z = 1257 + -1193. What is the highest common divisor of 208 and z?
16
Let i(x) = 5*x + 44. Let t be i(12). Let b = 4 + 9. What is the highest common factor of b and t?
13
Let n(k) = k**3 - 15*k**2 - k + 15. Suppose 3*c - 4*o - 14 = c, 4 = o. Let a be n(c). Suppose 3*t - 18 = -a*t. Calculate the highest common divisor of t and 2.
2
Let u = 57 + -44. Suppose 266 = 5*j + 3*d, -4*j - 3*d = 73 - 287. Calculate the highest common factor of u and j.
13
Let u be (-6)/(-4) - (4 + 141/(-6)). Let p = -243 - -453. Suppose p = r + 4*r. What is the greatest common divisor of r and u?
21
Let w be (-72)/468 + (-1954)/(-26) + -3. What is the highest common divisor of w and 81?
9
Let g = 11 + -25. Let x = g - -17. Suppose 0 = 2*q - 3*v - 24, 5*q - x*v = 2*q + 42. Calculate the highest common factor of q and 2.
2
Let d(a) = -17*a - 18. Let j be d(-4). What is the highest common divisor of j and 50?
50
Let w(u) = u**2 + 17*u + 103. Let f be w(-13). Let t be 2058/30 + 6/(-10). What is the highest common divisor of f and t?
17
Let g(x) = 2*x + 22. Let i be g(-9). Suppose 9*q - 30 = i*q. What is the highest common divisor of q and 42?
6
Suppose -19 = -15*h + 41. What is the greatest common factor of h and 106?
2
Let v = 9 + -8. Let y = 14 - -2. Let c be (9/6)/(v/y). Calculate the greatest common factor of c and 12.
12
Let l = 1067 - 1054. What is the greatest common factor of l and 1391?
13
Let w = -14 + 23. Suppose -w - 11 = -4*i. Suppose -i*t + 32 = -t. Calculate the highest common factor of t and 20.
4
Suppose 9*b - 8*b - 18 = 0. Calculate the greatest common divisor of b and 45.
9
Let l(j) = 3 + 114*j**2 + 7*j - 6*j - 3*j + 46*j**2. Let r be l(1). What is the highest common factor of 23 and r?
23
Let q = -1 + 1. Suppose q = -l - 4 + 16. What is the greatest common divisor of l and 108?
12
Let w = 219 - 166. What is the highest common factor of w and 477?
53
Let x = 17 - 18. Let d be (x*3)/(-10 - -9). Calculate the highest common factor of d and 15.
3
Let m be (-110)/8*(27 + -55). What is the highest common factor of m and 231?
77
Suppose 2*m - 2*y = -155 + 499, 0 = -3*y + 12. Calculate the highest common factor of m and 32.
16
Let a be -7 + 2/4*6. Let m be ((-10)/a + -2)*10. Let w be (-32)/(-10) + m/(-25). What is the highest common factor of w and 3?
3
Suppose -39*m = -43*m + 952. Calculate the highest common divisor of m and 14.
14
Let y = 10 - 8. Suppose 3*m = -t + 138, -m + 5 = -y*t - 34. Let g(s) = s + 9. Let v be g(0). Calculate the greatest common divisor of v and m.
9
Let l(w) = 6*w**2 + 35*w - 1. Let i be l(-7). Calculate the greatest common factor of i and 144.
48
Let z = 547 - 519. What is the greatest common factor of 70 and z?
14
Suppose 25*r - 60 = 22*r. Suppose g - 31 = -r. What is the highest common factor of 55 and g?
11
Let c(b) = b**2 + 37*b + 123. Let g be c(-40). What is the highest common factor of 18 and g?
9
Suppose s + 3 = 22. Suppose -43*x = -35*x - 559 - 505. What is the highest common divisor of x and s?
19
Let o = -3 - -1. Let t be 13 + o/(-6)*3. Suppose 19*b - 357 = -91. What is the greatest common factor of b and t?
14
Suppose 11*a - 107 - 47 = 0. What is the highest common factor of 4 and a?
2
Let p = -1163 + 1401. What is the highest common factor of p and 102?
34
Let s = 61 - 58. Suppose i + y - 135 = s*y, 4*i = 2*y + 534. Calculate the highest common factor of 38 and i.
19
Let b(j) = j**3 + 3*j**2 + j + 1. Let a be b(-2). Suppose a*q - 10 = 2*q. Let v be -3 + (12 - 60/(-10)). Calculate the greatest common factor of q and v.
5
Suppose 46*y + 16*y = 74958. What is the greatest common factor of y and 78?
39
Let m(r) = 11*r**2 - 3*r - 8. Let y be m(8). Suppose 0 = 4*l + 2*l - y. What is the highest common factor of 14 and l?
14
Suppose -2*x + 56 = 3*i - 32, 132 = 3*x + 2*i. Calculate the highest common divisor of x and 121.
11
Let a = 61 - -12. Suppose v - 33 = -5*o, 4*o + 7 = -3*v + a. Calculate the highest common factor of 126 and v.
18
Let t = 53 + -28. Let b = 57 - t. Calculate the highest common divisor of 8 and b.
8
Let c be (-5 + (-2 - -5))/(4/(-10)). Suppose -b + 809 = 4*q, 3*q + c*b - 638 + 44 = 0. What is the greatest common divisor of q and 29?
29
Let c(b) = -b**2 - 22*b + 8. Let z be c(-16). What is the greatest common factor of 88 and z?
8
Let c(h) = 54*h**2 + 2*h - 1. Suppose -g - 3*b + 13 = -2*g, 3*g + 4 = 2*b. Let f = -1 + g. Let a be c(f). Calculate the highest common divisor of a and 5.
5
Suppose 4*q - 33 = 3*z, -z + 23 - 6 = q. Suppose 108 - 24 = q*d. What is the greatest common divisor of d and 56?
7
Let i = 125 - -10. Calculate the greatest common divisor of 5 and i.
5
Suppose 5*l - 12 = -4*b - 4, -3*b - 5*l = -6. Suppose 3*p + 22 = 3*m - 8, 0 = 3*m - b*p - 25. What is the greatest common factor of 2 and m?
1
Let v = 357 + -317. What is the greatest common divisor of 5 and v?
5
Suppose -209 = -13*m - 1. Let a = 508 + -332. Calculate the greatest common factor of a and m.
16
Suppose 0*n = -10*n - 50. Let m(d) = d**3 + 6*d**2 - 8. Let v be m(n). Calculate the highest common divisor of 68 and v.
17
Let b be 0/(8/(-2)*5/20). Suppose b = 9*f - 182 - 268. Calculate the highest common divisor of f and 400.
50
Let i = 37 + -12. Let g(f) = f**3 + 2*f**2 - 2*f + 4. Let p be g(-3). Suppose -2*a = -p - 9. Calculate the greatest common divisor of i and a.
5
Suppose 0 = -2*h, 0*l + 4*l + 3*h - 92 = 0. Calculate the highest common